{"id":1114,"date":"2017-03-01T10:14:24","date_gmt":"2017-03-01T10:14:24","guid":{"rendered":"http:\/\/amvd.fr\/?page_id=1114"},"modified":"2025-09-16T08:37:06","modified_gmt":"2025-09-16T08:37:06","slug":"infos-pratiques","status":"publish","type":"page","link":"https:\/\/amvd.fr\/?page_id=1114","title":{"rendered":"Infos pratiques"},"content":{"rendered":"\n<h2 class=\"wp-block-heading has-text-align-center\">Nos partenaires<\/h2>\n\n\n\n<figure class=\"wp-block-image size-large\"><a href=\"https:\/\/amvd.fr\/wp-content\/uploads\/2023\/09\/partenaires-site.png\"><img fetchpriority=\"high\" decoding=\"async\" width=\"1020\" height=\"154\" src=\"https:\/\/amvd.fr\/wp-content\/uploads\/2023\/09\/partenaires-site-1020x154.png\" alt=\"\" class=\"wp-image-2648\" srcset=\"https:\/\/amvd.fr\/wp-content\/uploads\/2023\/09\/partenaires-site-1020x154.png 1020w, https:\/\/amvd.fr\/wp-content\/uploads\/2023\/09\/partenaires-site-632x95.png 632w, https:\/\/amvd.fr\/wp-content\/uploads\/2023\/09\/partenaires-site-768x116.png 768w, https:\/\/amvd.fr\/wp-content\/uploads\/2023\/09\/partenaires-site-1536x231.png 1536w, https:\/\/amvd.fr\/wp-content\/uploads\/2023\/09\/partenaires-site-2048x308.png 2048w\" sizes=\"(max-width: 1020px) 100vw, 1020px\" \/><\/a><\/figure>\n\n\n\n<hr class=\"wp-block-separator has-alpha-channel-opacity\"\/>\n\n\n\n<h2 class=\"wp-block-heading has-text-align-center\">Acc\u00e8s<\/h2>\n\n\n\n<p class=\"has-text-align-center\"><div class=\"su-gmap su-u-responsive-media-yes\"><iframe width=\"600\" height=\"400\" src=\"\/\/maps.google.com\/maps?q=60%20Place%20Champlain%2C%2014000%20Caen&amp;output=embed\" title=\"Centre d&#039;Animation AMVD (Association Mieux Vivre et D\u00e9tente), Place Champlain, Caen\"><\/iframe><\/div>\n\n\n\n<p class=\"has-text-align-center\">60 Place CHAMPLAIN &#8211; Pierre Heuz\u00e9 &#8211; CAEN<br>02-31-93-10-80 \/ centredanimation@amvd.fr<\/p>\n\n\n\n<hr class=\"wp-block-separator has-alpha-channel-opacity\"\/>\n\n\n\n<h2 class=\"wp-block-heading has-text-align-center\">Inscriptions d\u00e8s maintenant<\/h2>\n\n\n\n<p class=\"has-text-align-center\">Adh\u00e9sion obligatoire de 5 \u20ac par personne.<br><br>Adh\u00e9sion du 1er juillet 2024 au 30 juin 2025<br>Pour les loisirs hebdomadaires 20 % de remise \u00e0 partir de la seconde inscription.<\/p>\n\n\n\n<p class=\"has-text-align-center\"><em>Pour constituer un dossier d&rsquo;inscription, munissez-vous de votre num\u00e9ro d&rsquo;allocataire CAF, num\u00e9ro de s\u00e9curit\u00e9 sociale, et du carnet de sant\u00e9 de l&rsquo;enfant pour les accueils de loisirs.<\/em><\/p>\n\n\n\n<hr class=\"wp-block-separator has-alpha-channel-opacity\"\/>\n\n\n\n<h2 class=\"wp-block-heading has-text-align-center\">Modalit\u00e9s de paiement<\/h2>\n\n\n\n<p class=\"has-text-align-center\">Paiement au secr\u00e9tariat<\/p>\n\n\n\n<p class=\"has-text-align-center\"><strong>Moyens de paiement accept\u00e9s :<\/strong><\/p>\n\n\n\n<p class=\"has-text-align-center\">Esp\u00e8ces<br>Ch\u00e8ques<br>Ch\u00e8ques vacances \/ coupon sport ANCV<br>CESU (Ch\u00e8que Emploi Service Universel)<br>Bon @too<br>Virement (nous demander le RIB de l&rsquo;association)<\/p>\n\n\n\n<hr class=\"wp-block-separator has-alpha-channel-opacity\"\/>\n\n\n\n<h2 class=\"wp-block-heading has-text-align-center\">Aides aux loisirs<\/h2>\n\n\n\n<p class=\"has-text-align-center\"><em>Selon votre quotient familial.<\/em><\/p>\n\n\n\n<p class=\"has-text-align-center\"><strong>Tickets loisirs, ville de Caen :&nbsp;<\/strong>pour le centre de loisirs pendant les petites vacances scolaires et pour les activit\u00e9s \/ ateliers \u00e0 l&rsquo;ann\u00e9e.<br><strong>Aide du CCAS de Caen : <\/strong>&nbsp;pour le centre de loisirs et les s\u00e9jours pendant les p\u00e9riodes de petites et grandes vacances scolaires.<br><strong>Pass&rsquo; vacances enfant CAF :&nbsp;<\/strong>pour les s\u00e9jours pendant les vacances scolaires.<br><strong>Pass&rsquo; Loisirs Culture CAF :<\/strong> pour les ateliers hebdomadaires.<br><strong>Pass&rsquo; Loisirs sport CAF<\/strong><br><strong>Bourse coll\u00e9gien de l&rsquo;\u00e9t\u00e9 du Conseil D\u00e9partemental&nbsp;:&nbsp;<\/strong>pour les loisirs de l&rsquo;\u00e9t\u00e9. Demande \u00e0 effectuer imp\u00e9rativement avant le 1er juin chaque ann\u00e9e.<br><strong>Aides des Comit\u00e9s d\u2019Entreprise :&nbsp;<\/strong>votre CE propose peut-\u00eatre une participation financi\u00e8re pour le centre de loisirs, les s\u00e9jours ou les activit\u00e9s \u00e0 l&rsquo;ann\u00e9e, demandez le formulaire \u00e0 nous faire compl\u00e9ter.<br><strong>Aides du Secours Populaire Fran\u00e7ais.<\/strong><\/p>\n\n\n\n<p class=\"has-text-align-center\"><em>Dans tous les cas, n&rsquo;h\u00e9sitez pas \u00e0 nous contacter pour tous renseignements. Nous pouvons vous accompagner&nbsp;dans le montage des dossiers de demande d&rsquo;aides ou \u00e9tudier ensemble la mise en place de facilit\u00e9s de paiement (\u00e9ch\u00e9ancier).<\/em><\/p>\n\n\n\n<hr class=\"wp-block-separator has-alpha-channel-opacity\"\/>\n\n\n\n<h2 class=\"wp-block-heading has-text-align-center\">Qui sommes-nous ?<\/h2>\n\n\n\n<div class=\"wp-block-buttons is-content-justification-center is-layout-flex wp-container-core-buttons-is-layout-16018d1d wp-block-buttons-is-layout-flex\">\n<div class=\"wp-block-button\"><a class=\"wp-block-button__link has-text-align-center wp-element-button\" href=\"https:\/\/amvd.fr\/?page_id=1003\">Lire le \u00ab\u00a0Qui sommes-nous ?\u00a0\u00bb<\/a><\/div>\n<\/div>\n\n\n\n<hr class=\"wp-block-separator has-alpha-channel-opacity\"\/>\n\n\n<div class=\"wp-block-image\">\n<figure class=\"aligncenter size-large is-resized\"><a href=\"https:\/\/amvd.fr\/wp-content\/uploads\/2025\/09\/Plaquette-25-263.png\"><img decoding=\"async\" width=\"1020\" height=\"1447\" src=\"https:\/\/amvd.fr\/wp-content\/uploads\/2025\/09\/Plaquette-25-263-1020x1447.png\" alt=\"\" class=\"wp-image-5077\" style=\"width:489px;height:auto\" srcset=\"https:\/\/amvd.fr\/wp-content\/uploads\/2025\/09\/Plaquette-25-263-1020x1447.png 1020w, https:\/\/amvd.fr\/wp-content\/uploads\/2025\/09\/Plaquette-25-263-632x897.png 632w, https:\/\/amvd.fr\/wp-content\/uploads\/2025\/09\/Plaquette-25-263-768x1090.png 768w, https:\/\/amvd.fr\/wp-content\/uploads\/2025\/09\/Plaquette-25-263-1083x1536.png 1083w, https:\/\/amvd.fr\/wp-content\/uploads\/2025\/09\/Plaquette-25-263-1444x2048.png 1444w, https:\/\/amvd.fr\/wp-content\/uploads\/2025\/09\/Plaquette-25-263-1320x1873.png 1320w, https:\/\/amvd.fr\/wp-content\/uploads\/2025\/09\/Plaquette-25-263.png 1748w\" sizes=\"(max-width: 1020px) 100vw, 1020px\" \/><\/a><\/figure>\n<\/div>","protected":false},"excerpt":{"rendered":"<p>Nos partenaires Acc\u00e8s 60 Place CHAMPLAIN &#8211; Pierre Heuz\u00e9 &#8211; CAEN02-31-93-10-80 \/ centredanimation@amvd.fr Inscriptions d\u00e8s maintenant Adh\u00e9sion obligatoire de 5 \u20ac par personne. Adh\u00e9sion du 1er juillet 2024 au 30 juin 2025Pour les loisirs hebdomadaires 20 % de remise \u00e0 partir de la seconde inscription. Pour constituer un dossier d&rsquo;inscription, munissez-vous de votre num\u00e9ro d&rsquo;allocataire [&hellip;]<\/p>\n","protected":false},"author":1,"featured_media":0,"parent":0,"menu_order":0,"comment_status":"closed","ping_status":"closed","template":"","meta":{"footnotes":""},"class_list":["post-1114","page","type-page","status-publish","hentry"],"jetpack_sharing_enabled":true,"_links":{"self":[{"href":"https:\/\/amvd.fr\/index.php?rest_route=\/wp\/v2\/pages\/1114","targetHints":{"allow":["GET"]}}],"collection":[{"href":"https:\/\/amvd.fr\/index.php?rest_route=\/wp\/v2\/pages"}],"about":[{"href":"https:\/\/amvd.fr\/index.php?rest_route=\/wp\/v2\/types\/page"}],"author":[{"embeddable":true,"href":"https:\/\/amvd.fr\/index.php?rest_route=\/wp\/v2\/users\/1"}],"replies":[{"embeddable":true,"href":"https:\/\/amvd.fr\/index.php?rest_route=%2Fwp%2Fv2%2Fcomments&post=1114"}],"version-history":[{"count":29,"href":"https:\/\/amvd.fr\/index.php?rest_route=\/wp\/v2\/pages\/1114\/revisions"}],"predecessor-version":[{"id":5080,"href":"https:\/\/amvd.fr\/index.php?rest_route=\/wp\/v2\/pages\/1114\/revisions\/5080"}],"wp:attachment":[{"href":"https:\/\/amvd.fr\/index.php?rest_route=%2Fwp%2Fv2%2Fmedia&parent=1114"}],"curies":[{"name":"wp","href":"https:\/\/api.w.org\/{rel}","templated":true}]}}